{"id":27,"date":"2015-11-15T13:23:58","date_gmt":"2015-11-15T13:23:58","guid":{"rendered":"http:\/\/equipoeduca.com\/?page_id=27"},"modified":"2020-05-17T11:52:17","modified_gmt":"2020-05-17T11:52:17","slug":"programa-aula","status":"publish","type":"page","link":"https:\/\/equipoeduca.com\/index.php\/programa-aula\/","title":{"rendered":"Programa Aula"},"content":{"rendered":"\n<div class=\"wp-block-group\"><div class=\"wp-block-group__inner-container is-layout-flow wp-block-group-is-layout-flow\">\n<h2>Programa innovador para dar una respuesta integral a las necesidades de la Comunidad Educativa<\/h2>\n<p>\u00a0<\/p>\n<p><strong>\u00bfQU\u00c9 ES? <\/strong>U<span class=\"s2\">n programa sistem\u00e1tico de formaci\u00f3n dirigido a<\/span><strong><span class=\"s2\"> la <strong>Comunidad Educativa<\/strong> <\/span><\/strong><span class=\"s2\">contando con todos sus miembros:<\/span><\/p>\n<ul>\n<li><span class=\"s2\">Profesores<\/span><\/li>\n<li><span class=\"s2\">Padres<\/span><\/li>\n<li><span class=\"s2\">Alumnos<\/span><\/li>\n<\/ul>\n<p><strong>\u00bfPARA QU\u00c9 SIRVE? <\/strong>Para detectar las necesidades especificas del centro, integrando y trabajando con todos los componentes de la comunidad, reforzando as\u00ed la imagen de una instituci\u00f3n educativa que ofrece un <strong>valor<strong> a\u00f1adido<\/strong>.<\/strong><\/p>\n<p><strong>\u00bfC\u00d3MO se implanta? <\/strong>Recogiendo de forma directa a trav\u00e9s de entrevistas con los directores de los distintos niveles educativos, as\u00ed como con el servicio de orientaci\u00f3n, y<span class=\"s1\">\u00a0de forma indirecta con encuestas a profesores, padres y alumnos. Y con esta informaci\u00f3n <strong>crear los programas necesarios<\/strong> para dicha Comunidad Educativa.<\/span>[\/vc_column_text][\/vc_column][\/vc_row]<div class=\"vc_row wpb_row vc_row-fluid\"><div class=\"wpb_column vc_column_container vc_col-sm-6\"><div class=\"wpb_wrapper\">\r\n          <div class='hover-image wpb_content_element  vc_align_left'>\r\n            <div class='module-inner' style='width:100%;'>\r\n\r\n              <div class='module-image'>\r\n                <img decoding=\"async\" src=\"https:\/\/equipoeduca.com\/wp-content\/uploads\/2015\/11\/padres-en-clase-fondo-oscuro-5.jpg\">\r\n              <\/div>\r\n\r\n              <div class='module-content'  style=''>\r\n                <div class='content-inner'>\r\n                  <h4 class=\"pb_title\">Aula de Profesores<\/h4>\r\n                  \n<ul>\n<li>Gesti\u00f3n de conflictos en el aula<\/li>\n<li>Desarrollo de competencias de aprendizaje en el aula<\/li>\n<li>Comunicaci\u00f3n y Gesti\u00f3n en el aula<\/li>\n<li>Educaci\u00f3n Emocional<\/li>\n<li>Nuevas Pedagog\u00edas en el aula<\/li>\n<\/ul>\n\r\n                <\/div>\r\n              <\/div>\r\n              \r\n              <div class='module-background' style='background-color:#5da1ef; opacity:0.9'>\r\n              <\/div>\r\n\r\n              <div class='pb_transitions'>\r\n      \t\t\t  \t<div class='pb_css'>\r\n      \t\t\t\t  <style>\r\n      \t\t\t          html:not(.no-csstransitions) .hover-image .module-inner .module-content,\r\n      \t\t\t          html:not(.no-csstransitions) .hover-image .module-inner .module-background {\r\n      \t\t\t            height: 40px;\r\n      \t\t\t          }\r\n      \t\t\t          html:not(.no-csstransitions) .hover-image .module-inner:hover .module-content, \r\n      \t\t\t          html:not(.no-csstransitions) .hover-image .module-inner:hover .module-background { \r\n      \t\t\t            height: 100%;\r\n      \t\t\t          }\r\n      \t\t     \t  <\/style>\r\n      \t\t     \t<\/div>\r\n      \t\t     \t<div class='pb_jquery'>\r\n      \t\t     \t  <input class='start_position' type='text' value='40px' style='display:none;'>\r\n      \t              <input class='end_position' type='text' value='100%' style='display:none;'>\r\n      \t            <\/div>\r\n      \t     \t  <\/div>\r\n\r\n            <\/div>\r\n\r\n\t\t  <\/div>\r\n\r\n  <\/div><\/div><div class=\"wpb_column vc_column_container vc_col-sm-6\"><div class=\"wpb_wrapper\">\n\t<div class=\"wpb_text_column wpb_content_element \">\n\t\t<div class=\"wpb_wrapper\">\n\t\t\t<p>Desde el campo de la<a href=\"https:\/\/www.cop.es\/perfiles\/contenido\/educativa.htm\"> Psicolog\u00eda de la Educaci\u00f3n<\/a>, y de las <a href=\"http:\/\/www.congresodepedagogia.com\/\">Nuevas Pedagog\u00edas,<\/a> se advierte de la gran importancia de los <em>aspectos sociales<\/em> en el proceso ense\u00f1anza-aprendizaje.<\/p>\n<p>Desde EquipoEduca queremos apoyar la labor docente como principal agente socializador del ni\u00f1o, ya que el profesor juega un papel relevante en la adquisici\u00f3n, desarrollo y modelaci\u00f3n de las habilidades sociales de sus alumnos.<\/p>\n<p>Estas habilidades son entrenables, por ello EquipoEduca desarrolla su Programa <strong>Aula de Profesores<\/strong> para la adquisici\u00f3n de las mismas.<\/p>\n\n\t\t<\/div>\n\t<\/div>\n<\/div><\/div><\/div><div class=\"vc_row wpb_row vc_row-fluid\"><div class=\"wpb_column vc_column_container vc_col-sm-6\"><div class=\"wpb_wrapper\">\r\n          <div class='hover-image wpb_content_element  vc_align_left'>\r\n            <div class='module-inner' style='width:100%;'>\r\n\r\n              <div class='module-image'>\r\n                <img decoding=\"async\" src=\"https:\/\/equipoeduca.com\/wp-content\/uploads\/2015\/11\/madres-en-clase-PA.jpg\">\r\n              <\/div>\r\n\r\n              <div class='module-content'  style=''>\r\n                <div class='content-inner'>\r\n                  <h4 class=\"pb_title\">Aula de Padres<\/h4>\r\n                  \n<ul>\n<li>Escuela de Padres<\/li>\n<li>Educaci\u00f3n Emocional<\/li>\n<li>Comunicaci\u00f3n eficaz entre padres e hijos<\/li>\n<li>Normas, l\u00edmites y consecuencias<\/li>\n<li>El tri\u00e1ngulo de oro; alimentaci\u00f3n, ejercicio f\u00edsico y sue\u00f1o.<\/li>\n<li>Programa de prevenci\u00f3n familiar. <a href=\"http:\/\/www.programamasfamilia.org\/\">(+familia)<\/a><\/li>\n<li><a href=\"http:\/\/www.policia.es\/org_central\/seguridad_ciudadana\/unidad_central_part_ciudada\/art_ciudadana_poli_escuel.html\">Plan Director de la Polic\u00eda Nacional<\/a> (Acoso escolar, Drogas, racismo e intolerancia, Violencia sobre la mujer y discriminaci\u00f3n, Riesgos asociados a las nuevas tecnolog\u00edas y\u00a0redes sociales)<\/li>\n<\/ul>\n\r\n                <\/div>\r\n              <\/div>\r\n              \r\n              <div class='module-background' style='background-color:#98ef34; opacity:0.9'>\r\n              <\/div>\r\n\r\n              <div class='pb_transitions'>\r\n      \t\t\t  \t<div class='pb_css'>\r\n      \t\t\t\t  <style>\r\n      \t\t\t          html:not(.no-csstransitions) .hover-image .module-inner .module-content,\r\n      \t\t\t          html:not(.no-csstransitions) .hover-image .module-inner .module-background {\r\n      \t\t\t            height: 40px;\r\n      \t\t\t          }\r\n      \t\t\t          html:not(.no-csstransitions) .hover-image .module-inner:hover .module-content, \r\n      \t\t\t          html:not(.no-csstransitions) .hover-image .module-inner:hover .module-background { \r\n      \t\t\t            height: 100%;\r\n      \t\t\t          }\r\n      \t\t     \t  <\/style>\r\n      \t\t     \t<\/div>\r\n      \t\t     \t<div class='pb_jquery'>\r\n      \t\t     \t  <input class='start_position' type='text' value='40px' style='display:none;'>\r\n      \t              <input class='end_position' type='text' value='100%' style='display:none;'>\r\n      \t            <\/div>\r\n      \t     \t  <\/div>\r\n\r\n            <\/div>\r\n\r\n\t\t  <\/div>\r\n\r\n  <\/div><\/div><div class=\"wpb_column vc_column_container vc_col-sm-6\"><div class=\"wpb_wrapper\">\n\t<div class=\"wpb_text_column wpb_content_element \">\n\t\t<div class=\"wpb_wrapper\">\n\t\t\t<p>El Programa <strong>Aula de Alumnos<\/strong> se enmarca en la adquisici\u00f3n, desarrollo y modelaci\u00f3n de las habilidades sociales seg\u00fan las necesidades y el desarrollo evolutivo del grupo de alumnos con el que se trabaje.<\/p>\n\n\t\t<\/div>\n\t<\/div>\n\n\t<div class=\"wpb_text_column wpb_content_element \">\n\t\t<div class=\"wpb_wrapper\">\n\t\t\t<p>No podemos olvidar que la Comunidad Educativa est\u00e1 formada por los profesores, los alumnos y las familias, y que la labor educativa es un trabajo en equipo, por ello el Programa <strong>Aula de Padres,<\/strong> adem\u00e1s de cubrir las necesidades espec\u00edficas de los padres, se desarrolla en la misma direcci\u00f3n que el Proyecto Educativo del centro.<\/p>\n\n\t\t<\/div>\n\t<\/div>\n<\/div><\/div><\/div><div class=\"vc_row wpb_row vc_row-fluid\"><div class=\"wpb_column vc_column_container vc_col-sm-12\"><div class=\"wpb_wrapper\">\n\t<div class=\"wpb_video_widget wpb_content_element\">\n\t\t<div class=\"wpb_wrapper\">\n\t\t\t<h2 class=\"wpb_heading wpb_video_heading\">Videos para trabajar valores: El puente<\/h2>\n\t\t\t<div class=\"wpb_video_wrapper\"><a href=\"https:\/\/www.youtube.com\/watch?v=BUUjZduPECY\">https:\/\/www.youtube.com\/watch?v=BUUjZduPECY<\/a><\/div>\n\t\t<\/div>\n\t<\/div>\n\n\t<div class=\"wpb_video_widget wpb_content_element\">\n\t\t<div class=\"wpb_wrapper\">\n\t\t\t<h2 class=\"wpb_heading wpb_video_heading\">Trabajo en equipo<\/h2>\n\t\t\t<div class=\"wpb_video_wrapper\"><a href=\"https:\/\/www.youtube.com\/watch?v=qvF3jfSWq8A\">https:\/\/www.youtube.com\/watch?v=qvF3jfSWq8A<\/a><\/div>\n\t\t<\/div>\n\t<\/div>\n<\/div><\/div><\/div>\n<\/div><\/div>\n\n\n\n<p><\/p>\n","protected":false},"excerpt":{"rendered":"","protected":false},"author":1,"featured_media":15,"parent":0,"menu_order":0,"comment_status":"closed","ping_status":"closed","template":"","meta":{"footnotes":""},"class_list":["post-27","page","type-page","status-publish","has-post-thumbnail","hentry"],"_links":{"self":[{"href":"https:\/\/equipoeduca.com\/index.php\/wp-json\/wp\/v2\/pages\/27","targetHints":{"allow":["GET"]}}],"collection":[{"href":"https:\/\/equipoeduca.com\/index.php\/wp-json\/wp\/v2\/pages"}],"about":[{"href":"https:\/\/equipoeduca.com\/index.php\/wp-json\/wp\/v2\/types\/page"}],"author":[{"embeddable":true,"href":"https:\/\/equipoeduca.com\/index.php\/wp-json\/wp\/v2\/users\/1"}],"replies":[{"embeddable":true,"href":"https:\/\/equipoeduca.com\/index.php\/wp-json\/wp\/v2\/comments?post=27"}],"version-history":[{"count":33,"href":"https:\/\/equipoeduca.com\/index.php\/wp-json\/wp\/v2\/pages\/27\/revisions"}],"predecessor-version":[{"id":1980,"href":"https:\/\/equipoeduca.com\/index.php\/wp-json\/wp\/v2\/pages\/27\/revisions\/1980"}],"wp:featuredmedia":[{"embeddable":true,"href":"https:\/\/equipoeduca.com\/index.php\/wp-json\/wp\/v2\/media\/15"}],"wp:attachment":[{"href":"https:\/\/equipoeduca.com\/index.php\/wp-json\/wp\/v2\/media?parent=27"}],"curies":[{"name":"wp","href":"https:\/\/api.w.org\/{rel}","templated":true}]}}